test common divisor of u and r?
4
Suppose 4*g - 61 - 27 = 0. What is the greatest common divisor of 11 and g?
11
Suppose 0 = 2*g - f - 31, -f + 3*f = g - 20. Let o be (-2*7)/((-2)/4). What is the highest common divisor of g and o?
14
Suppose -2*v + 24 = v. Let s = 14 - v. Calculate the greatest common factor of 6 and s.
6
Let p be 17/7 - (-12)/21. Let k be 18*((-36)/(-8))/p. What is the highest common divisor of 54 and k?
27
Let x(a) = -a**2 + 9*a. Let z be x(6). Suppose -2*u + 0*u + z = 0. What is the highest common factor of u and 9?
9
Suppose 4*x + 3*b - 131 = 0, x + 3*b + 149 = 5*x. What is the greatest common divisor of 14 and x?
7
Let h(u) = 8*u**2 - u + 1. Let i be h(1). Suppose -3*l + 35 = i. Suppose 0 = 5*n - 4*n - 36. Calculate the highest common divisor of n and l.
9
Suppose 5*y - 53 = 4*v, -y - 3*v - 17 = -3*y. What is the greatest common divisor of y and 65?
13
Let c = -180 - -270. Suppose -2*h - 2*f = 3*f - c, f - 2 = 0. Calculate the highest common factor of 16 and h.
8
Suppose -3*a + 58 = a + 2*d, 2*d + 26 = 2*a. Calculate the highest common divisor of 35 and a.
7
Suppose 0 + 18 = 2*x. Calculate the highest common divisor of x and 99.
9
Let y = -7 - -11. Suppose -y*s = -3*s - 15. What is the greatest common divisor of s and 60?
15
Let k be (6 + -4)/((-1)/(-2)). Calculate the greatest common factor of 20 and k.
4
Suppose 3*c - 336 = 2*c. Suppose 2*k + c = 5*x, 60 = x + 2*k - 0*k. Let j = -7 + 13. Calculate the highest common factor of x and j.
6
Suppose -3*d + 9 = -3. Suppose -2*x - 26 = -d*u - 4*x, 3*u - 17 = -x. What is the highest common divisor of u and 44?
4
Let v = 97 - 55. What is the greatest common divisor of 6 and v?
6
Suppose 5*i = -j + 14, -4 = j - 3. What is the greatest common divisor of i and 21?
3
Let b(h) = -2*h**2 - 2*h. Let f be b(-3). Suppose 3*a - 8 = 2*a. Let v be f/(-1)*a/6. Calculate the greatest common divisor of v and 40.
8
Let i = -39 + 124. Calculate the highest common factor of i and 34.
17
Suppose 2*i + 2*i - 88 = -2*j, -3*j + 6 = 0. Let y(h) = -23*h**2 + 1. Let n be y(-2). Let a = i - n. What is the greatest common divisor of 14 and a?
14
Let p be -1 + 3 - (-6 + 4). Suppose f - 44 = -3*n, 2*f - 24 = -n + p*f. What is the greatest common factor of n and 16?
16
Let g be -14*(-9 + 1 + 0). Let z = 17 - 10. Suppose -z - 21 = -2*y. What is the highest common divisor of y and g?
14
Let p(r) = -8*r + 1. Suppose -5*k = -2*k + 18. Let u be p(k). Let f be (1 + (-2)/14)*u. What is the greatest common divisor of f and 21?
21
Suppose 3*m - 26 = 25. Calculate the greatest common divisor of 221 and m.
17
Let y(m) = -m**3 - 10*m**2 - 9*m + 12. Let g be y(-9). Suppose 78 = 2*p - 186. Calculate the greatest common factor of p and g.
12
Let d(o) = -o**2 + 10*o + 2. Let s be d(8). Let w = s - 7. Calculate the greatest common factor of 22 and w.
11
Suppose -v - v = -52. Calculate the highest common factor of v and 26.
26
Let u(a) = -a**2 - 9*a + 15. Let y be u(-8). What is the greatest common factor of y and 23?
23
Let q = 40 - 25. Calculate the greatest common factor of q and 5.
5
Let m = -35 - -77. What is the highest common factor of m and 6?
6
Let k(p) = -2*p - 18. Let r be k(-13). Calculate the highest common divisor of r and 8.
8
Suppose -f = -6 + 2. Suppose f*p - 41 = -5*a, 4*p - 21 = -2*a + a. What is the highest common divisor of a and 55?
5
Let r = -124 + 140. Calculate the highest common factor of r and 12.
4
Let b be (6/7)/(1/7). Suppose 2*i + 2*i = -16. Let v be i + 2 - (-12)/2. Calculate the greatest common divisor of v and b.
2
Let m = -1 - -1. Suppose v - 6*v + 10 = m. Let n be 8/(-3)*(-9)/v. What is the highest common factor of n and 24?
12
Let p(d) = 17*d - 40. Let o be p(4). What is the greatest common divisor of o and 182?
14
Let f(r) = -2*r - 7. Let v be f(-6). Let y(u) = u**3 - 4*u**2 - 4*u + 7. Let a be y(v). Calculate the greatest common divisor of 4 and a.
4
Let h = -77 - -113. Suppose 2*s - 2 = -4. Let p be s + 2 + 8/1. What is the highest common factor of h and p?
9
Let d = 72 + 3. Calculate the highest common factor of d and 15.
15
Let x = -82 - -167. Let t = x + -50. What is the greatest common divisor of t and 315?
35
Suppose 2*n = 3*l + 80 + 3, 4*n = 4*l + 172. Suppose 0 = 3*s - s - n. What is the highest common factor of 207 and s?
23
Let w(s) = -10*s - 5. Let y be w(-8). Calculate the greatest common divisor of 25 and y.
25
Let v = 2 + 4. Suppose -v*z + 18 = -2*z - n, 0 = 4*z + 2*n - 12. Calculate the highest common factor of 44 and z.
4
Let l be 25 - (7/(-21))/((-2)/30). Let o = 30 + -12. Suppose -6*d = -d + 3*i - 56, d - o = -4*i. What is the greatest common factor of l and d?
10
Let w = -12 + 32. Let z(y) = 2*y + 20. Let s be z(0). What is the greatest common divisor of s and w?
20
Let m be ((-21)/(-6) - -1)*2. Let z be (-22)/(-4)*(m + -3). What is the greatest common factor of z and 22?
11
Suppose -10 = 2*n - 16. Calculate the highest common divisor of n and 3.
3
Let i be 36/((-1)/(6/(-4))). Let h be -1 - (i/(-2))/3. Suppose -3*l + 0*l = -264. Calculate the highest common divisor of h and l.
8
Let w = -17 + 42. Let f = -10 - -110. What is the greatest common divisor of w and f?
25
Suppose -54 = -3*c - 0*c. What is the highest common divisor of 6 and c?
6
Let k = 7 + 0. What is the highest common factor of 7 and k?
7
Let t be 4*(429/12 + 0). Calculate the highest common divisor of 13 and t.
13
Let v(r) = r**2 + r + 49. Let o be v(0). Let f be 7 - (-3 + 1)/2. Suppose -5*y = -f - 27. Calculate the highest common factor of y and o.
7
Let v be (2 + 0)/((5 + -7)/(-46)). What is the greatest common factor of v and 69?
23
Let b(l) = -l + 8. Let t be b(0). Let z(d) = d**2 - 6*d - 2. Let f be z(t). Let y(u) = 10*u + 1. Let s be y(2). What is the greatest common factor of s and f?
7
Suppose -4*d = -0*d + 3*o - 125, 0 = -4*d - 2*o + 122. Let i = 26 + d. Calculate the greatest common factor of i and 22.
11
Let i = -1 - 4. Let u = -3 - i. Let k(y) = -y - 1. Let x be k(-5). Calculate the greatest common factor of x and u.
2
Suppose 272 = -4*n + 764. Let g(h) = 4*h**3 - 5*h**2 + 6*h + 2. Let u be g(3). Let a = n - u. What is the highest common divisor of a and 10?
10
Let f be -8 + (0 + -6)/(-2). Let i be (-5)/f + (-2)/(-2). Suppose -m = -2*n - 34, 2*m + 0*m + i*n = 74. What is the highest common divisor of 9 and m?
9
Let u(w) = 6*w - 8. Let v be u(6). Let x(i) = -i + 14. Let q be x(0). What is the greatest common divisor of v and q?
14
Suppose -32*y + 2 = -31*y. What is the greatest common factor of y and 28?
2
Suppose 4*v + 4 = 6*v, 5*v - 12 = -a. Suppose 5*n - 8 = -g, 2*n + 60 = 3*g - n. Calculate the highest common divisor of g and a.
2
Let j(d) = 51*d - 3. Let m be j(2). Suppose 0 = -2*x + 2*r + 14, -4*x + 55 = r + 7. Calculate the greatest common factor of x and m.
11
Suppose 3*i - 262 = -16. Let g be i/7 + 12/42. Let t = 3 + g. Calculate the greatest common divisor of t and 135.
15
Let z be 17 - 4 - 3*(-3)/9. What is the highest common divisor of z and 7?
7
Let h(y) = -11*y**3 + 2*y**2 + 2*y + 1. Let w be h(-1). Calculate the highest common divisor of w and 108.
12
Let k(a) = a**2 - a + 16. Let o be k(0). Let i be -4 + 4 + 1*3. Suppose -4*j - s + 95 = -37, -i*j + 88 = -2*s. Calculate the highest common factor of o and j.
16
Suppose 0 = -4*b + 3*b + 56. Suppose -3*c - b = -7*c. What is the greatest common factor of c and 35?
7
Let o = -7 + 35. Calculate the greatest common factor of 4 and o.
4
Let i = -36 - -47. Let m = -104 - -159. What is the highest common factor of m and i?
11
Let f(s) = -2*s**2 + s + 3. Let t be f(0). What is the greatest common divisor of 24 and t?
3
Let s(t) = 3*t + 13. Let d be s(3). What is the highest common divisor of d and 2?
2
Suppose -2*q + 22 = -110. What is the greatest common divisor of q and 44?
22
Suppose z + x - 23 = -z, 0 = z + 5*x - 7. What is the highest common divisor of z and 3?
3
Let x = 136 + -78. Suppose 2*b - 8 = -2*b. Suppose -b*g + x = 14. What is the highest common divisor of 11 and g?
11
Suppose 4*n + 0*n = 0. Suppose -2*c + 7*c + 25 = n. Let r = 27 + c. What is the highest common factor of r and 2?
2
Let f be 1/(-2) + 333/18. What is the greatest common factor of 18 and f?
18
Let z be (-36)/5*10/(-4). Calculate the highest common factor of